) + 33 + -25 + (-8 - 0)?
-45
Calculate (6 + -1 + 18 + 14 + -24 - 81) + 3.
-65
What is the value of (-4 - -8) + -102 - (265 - 270)?
-93
-7 + (-48 - ((3 - -8) + -42))
-24
What is 11 + (-10 - 0 - (13 + -11))?
-1
-1621 + 1513 - (-69 + 2)
-41
What is the value of -2 - -18 - (76 + -19) - (-1 + 16)?
-56
What is the value of 12 + (-21 - (-6 - 2)) + -104 + 102?
-3
Evaluate 53 + (-11 - -8) - (249 + -179).
-20
Calculate 78 - 11 - 51 - (51 + -29).
-6
Calculate 0 + -7 + (-7 - -1) + 15 - (48 + 11).
-57
12 + (-16 - (-14 + 4)) + 11 + 12
29
What is the value of -3 + (-3 - -4) + (-86 - -54) + 32?
-2
(-10 - (5 + (-24 - (-49 - -23)))) + 148
131
Calculate (-67 - (73 + -86)) + 74.
20
What is -54 + 0 + 186 + -100?
32
-57 - (-18 + (91 - 66))
-64
What is (67 - (17 + 178)) + 19?
-109
What is the value of 31 + 15 + -56 - (8 + -3)?
-15
(-14 - -3) + 45 + -18 + 3 + 117
136
What is the value of -107 + (-71 - 15 - -53)?
-140
What is -112 + 123 + (-9 - -10 - (-73 - -2))?
83
What is -2 + 1 - (8553 + -8490)?
-64
Evaluate (86 - 134 - -193) + -77.
68
What is the value of -20 - (-74 + -37 + 82) - (0 - (1 + -122))?
-112
What is 89 + -9 + -110 - 8?
-38
Evaluate (20 - -103 - -3) + -21 + -1.
104
Calculate 48 - (0 - -2) - (1 - -4 - (44 - 35)).
50
Evaluate 0 + 70 - (-78 - -216 - 113).
45
(3805 - 3815) + (-9 - 1)
-20
Evaluate -33 + (-3 + -8 + (4 - -3) - 0).
-37
What is the value of 64 + -29 + -59 + -7?
-31
-48 - (-16 + -27) - (42 + -16)
-31
Calculate -1 - 5 - (15 - -6 - ((-1 - 4) + 17)).
-15
What is -536 - -491 - (-4 + -28)?
-13
Evaluate 2 + 53 + 34 + -14.
75
What is the value of 26 + (-4 - 105 - (-87 + 65))?
-61
-9 - -5 - (33 + -55 + 22)
-4
Evaluate 6 + 3 - 8 - (3 + 1 + -3).
0
What is the value of -2 - (-11 - ((125 - 116) + -2 + 1 - 95))?
-78
Evaluate -12 + (-23 - ((18 - 21) + (-8 - 23))).
-1
Calculate -1 + -12 + -92 + 3 + 159.
57
What is the value of -62 + 24 + -3 + 10 + 14?
-17
What is the value of 18 + -2 + -29 + -4 + (-24 - -44)?
3
What is -32 - (38 + 1) - -44?
-27
Evaluate -13 - (-134 - -7) - 7 - -1 - 13 - 3.
92
Calculate -23 - (-14 + -16 + -16 + 49).
-26
(-28 - -2) + (-204 - -96 - -111)
-23
Evaluate 1 - (86 + -2) - (-3433 + 3442).
-92
What is -9 + 132 + -43 - 80?
0
What is -10 + 90 + (-1 - 45)?
34
(29 + -45 - -43) + -43
-16
Evaluate -2 + (-1 - -3) + 90 + 13385 + -13407.
68
Calculate (57 - (18 + -2 + -6)) + -15.
32
What is the value of 73 + (-158 - -7 - -28)?
-50
Evaluate -42 + (61 - 141 - -26).
-96
-274 + 238 + (2 - 58)
-92
-34 + 9 + 12 + (-20 - 1) - 16
-50
Evaluate (-23 + 33 - -5 - 3) + -53.
-41
What is 57 + -24 + 337 + -355?
15
What is (-24 - (11 + 14 - 21)) + 2 + 0?
-26
What is the value of -1022 + 1046 - (-18 + 4)?
38
What is the value of 1 - 11 - (15 - (25 + -9 - -20)) - -106?
117
What is the value of 28 + (-33 - -10) - (-22 - 3)?
30
Evaluate (6 - -49) + -69 - 38.
-52
What is the value of 47 + 50 + -95 - (15 - 4)?
-9
What is the value of -48 + (-63 + 41 - -34) + 16?
-20
Evaluate -28 + -3 + (7 - -10) + -64 - -12.
-66
Calculate (1 - -59) + -10 + (-8 - -9) + 10 + -12.
49
Evaluate (37 - 16) + 6 + (-4 - -2 - -3) + 2.
30
What is -44 + -9 + -32 + 53?
-32
Calculate -63 + -2 + (-2 - -1) - (40277 + -40272).
-71
11 + -4 - (-11 + 10 + -7 + -17)
32
What is (-5 - -6) + 4 - -30?
35
What is the value of 29 - (5 + 46 + -24 - 31)?
33
What is the value of 34 - (-31 + (39 + -22 - 12))?
60
Evaluate (7 - -2) + -49 - (193 - 213).
-20
What is the value of 1 + (-1 - 0) + ((16 - -1) + -39 - -60)?
38
What is (-157 - -44) + 24 + 77?
-12
What is the value of -8 + (24 - 13) + 3 + -42?
-36
What is the value of -22 - (-79 + (9 - 24) + 30)?
42
What is -24 + 1 - (-240 + 156 - -24)?
37
Calculate 22 + (-86 + 102 - (17 + 3)) + 0 + -2.
16
Evaluate -358 + 47 + 302 - (2 + (4 - -1)).
-16
Evaluate 8 - (-25 - (12 - 24 - (5 + -3))).
19
Calculate 4 + 67 - (-10 - (16 + 1 + 366 + -400)).
64
(1 + -20 - (-23 + 2)) + (-42 - -1)
-39
What is the value of -3 + 5 + -10 + 6 + 6 - (24 + -7)?
-13
What is -48 + (131 - (-48 + -3 + 39))?
95
What is (15 - 155) + (-1 - (0 - (-14 - -7) - 23))?
-125
Calculate 73 + (61 - 120) + 68.
82
(8 + -47 - -23) + -10 + 40
14
Evaluate -171 + 126 - (-6 - (6 + -5)).
-38
-43 + (10 + -5 - (3 + -3)) - (147 + -159)
-26
Calculate -93 + -1 - (13230 - 13328).
4
-103 - (-208 - (140 + -280))
-35
What is 1 + -27 + (250 - 266) + -2 + 15?
-29
Evaluate (0 - (-12 + 1) - (-23 - -29) - 14) + 1.
-8
Evaluate (13 - (-8 - -11) - 24) + -15 + -18.
-47
-2 + 52 - 0 - (22 + -39 + 19)
48
Evaluate -6 + (-25 - -8) - (-70 - -83).
-36
120 + (-244 - (-100 - -82))
-106
What is -32 + 13 + 0 - -20 - 35?
-34
What is -89 + 61 - (35 - 27) - 46?
-82
What is -11887 + 11857 - (2 + -2 + -42)?
12
Calculate -29 - ((-38 - -12 - -52) + -15).
-40
What is -27 + -34 - ((20 - -14) + -14 - 5)?
-76
What is the value of 38 + -6 + 4 + -14 + 17?
39
What is the value of (4 - (-11 + 14 + -3 + 3)) + 46?
47
Evaluate 86 - (-6 - (6 + -15) - 1) - (15 + -16).
85
What is (-2 - (3 + -2) - 43) + (53 - 46)?
-39
What is the value of -7 - (-20 - -43 - -1)?
-31
Calculate -10 - -1 - (-2 - -2 - 11 - 15).
17
Evaluate 83 + -54 + 107 + -81.
55
What is (36 - -2) + (1 - -5)?
44
Calculate (-7 - -3) + (1 - ((-1 - 14) + 7)).
5
Evaluate -100 - (-31 + 90 + -106).
-53
57 - (-44 - (-78 - 60))
-37
What is 2 + 16 + (-73 - -46) + 38?
29
Calculate (52 - (20 + 1)) + 20 + 59.
110
What is -15 + (133 - 125) - (6 - 1) - (12 - 1)?
-23
What is (-1082 - -1099) + -50 + 2?
-31
-12 - -52 - ((4 - 2) + -20 + (14 - 8))
52
What is the value of (142 + 39 - 153) + 87?
115
-36 + -7 + 39 + 21
17
What is -24 - (34 + (-11 - -19 - 42))?
-24
Evaluate 1 + (-2 - 39) - (42 - (18 + 20)).
-44
What is (-6 - -52) + (-97 + 40 - -67)?
56
Calculate (-7 - -45 - 4) + (48 - 21 - 37).
24
What is the value of 75 + -62 + (23 - -1 - 12)?
25
Calculate 83 - (-383 + 403 - (-4 + -4 + 6)).
61
Calculate 40 - (-42 + 44 + -30 + 15).
53
What is the value of -195 + 252 + -16 - (1 + 10 + 1)?
29
What is the value of (3 - -10 - 14) + -9 - (-6 + 9)?
-13
Calculate -24 + 7 + (12 - -15) - (0 + -2).
12
3 - (-4 + 0) - ((-1 - -2) + 46) - 11
-51
Evaluate -29 - (1 + 0 + (66 - 8) + -69).
-19
Calculate (-5 + 7 + -2 - 15) + (1223 - 1149).
59
(-62 - (-16 + -8)) + 109
71
50 - ((12 - 26 - -13 - -5) + -12)
58
Evaluate -79 - (19 - (-13 - -35 - 1)).
-77
Calculate 44 - 74 - (-2 + -3 + 5 + -5).
-25
What is the value of 4 - (99 + (-3 - -5)) - (-4 + -5)?
-88
Evaluate (60 - 73) + (-1 - -13) + -100.
-101
Calculate (-30 - -9) + 1 - (4 + 12).
-36
(-220 + 328 - 45) + 0 + -14
49
What is the value of -17 - (47 + (-24 - -6) + -116)?
70
What is the value of 50 + (24 - 17) + -37 + -2?
18
-48 - (-124 + 117 + 5 + 2 + -4)
-44
Calculate -17 + (-82 - -82 - (-6 + 1)) + -44.
-56
Evaluate (8 - 17 - 5) + 34 + -13.
7
Evaluate -2 - 4 - (45 - (-4 + 35) - (2 - 132)).
-150
What is 27 - (-53 - 11) - 26?
65
What is the value of 77 - -64 - (133 + 95)?
-87
What is the value of (185 - 221) + 4 + 5 + 8 - -89?
70
What is the value of 66 - 13 - -49 - (36 - 5)?
71
(11 - 3) + 8 + -36 + (-1 - -17)
-4
Evaluate (1 - -11) + (24 - (85 + (-14 - 20))).
-15
-10 + 6 + -4 - -2 - (9 - (7 - 2))
-10
What is (-95 - -83) + (2 + -89 - (18 + -17))?
-100
What is 42 + 2 + (35 - (11 + 19 + 19))?
30
Calculate (82 - ((3 - -12) + -14)) + (-7 - 7).
67
What is the value of 64 + -34 + -34 + 12?
8
Calculate -227 + 161 - (-5 - 21).
-40
-16 + 1 + -3 - (-643 + 233 - -346)
46
14 + -2 - 1 - (-4 + 51 - (-679 - -818))
103
Evaluate -70 - -62 - (0 + -2 + (80 - 17)).
-69
What is (10 - (-11 - -36)) + -1 + (1 - -1)?
-14
Calculate 1 + -110 + 122 + -72.
-59
Calculate -602 - -598 - (5 + -1 - 1) - (4 + 32).
-43
What is the value of (8 - -5) + (-25 + 69 - 12) + 21?
66
Calculate 8175 + -8134 - (1 + -44).
84
-8 - (-52 + 11) - 27 - (1 - 4)
9
What is the value of -16 - (3 + -15 + -2) - (1 + -63) - -3?
63
Evaluate 15 + -1 + (263 - 298) - -35.
14
28 + -10 + 13 + -7 + (3 - 0) + 9
36
What is -1 - -36 - (-14494 - -14559)?
-30
-11 - (-48 + 1 + 11 + -5) - -9
39
Calculate 453 + -444 + 5 + -23.
-9
What is 51 + 1 - (-280 + 264)?
68
(-24 - -89) + (310 - 320)
55
Calculate (71 + -19 - 1) + -122.
-71
Calculate -109 - (-22 - (92 - 40)).
-35
What is the value of 77 + -41 + -28 - (6 + -38)?
40
Evaluate -7 - ((-21 - -2) + 12 + -1 - -18).
-17
-89 + 2 - (56 + 103 + -187)
-59
(-7 - -51) + -117 + (-8 - -1 - (-7 - -10))
-83
What is the value of 96 - (73 + 56) 